ctors of y(u).
37
Let l be (-1)/((-6)/674*1/6). Let o = l + -1076. List the prime factors of ((-4)/(-6))/((-4)/o).
67
Let x(i) = -909*i + 6179. What are the prime factors of x(-29)?
2, 5, 1627
Suppose -102316 = -3*n + 5*s, n + 12*s - 16*s - 34103 = 0. What are the prime factors of n?
3, 11369
Suppose -5*b + 13982 = -4*q, 3*q = -9 - 0. What are the prime factors of b?
2, 11, 127
Let m = 82 + -77. Suppose m*p + 176 = i - 32, 2*i + p = 438. List the prime factors of i.
2, 109
Let o(c) = -46895*c + 695. What are the prime factors of o(-1)?
2, 5, 4759
Let x be (0 + 3)*925/(-15). Suppose 49*p - 43*p = -60. List the prime factors of (-4 + x/p)*8.
2, 29
Suppose 3*q = 4*u - 15206, 3*u - 3*q - 3797 = 2*u. Let z = u + -2468. List the prime factors of z.
3, 5, 89
Let l = 1029 + 225. Suppose 3146 = 5*y + 3*n, -3*y + y + n = -l. What are the prime factors of y?
2, 157
Let x = -8583 + 18787. What are the prime factors of x?
2, 2551
Suppose 4 = -2*k - 8. Let x(n) = -33*n - 18. List the prime factors of x(k).
2, 3, 5
Suppose 16*d - 25 = 23, -3*d - 25488 = -s. List the prime factors of s.
3, 2833
Let z be 3/(10/(-4) - -4). Let i be 5/z*(4 - -218). Let p = i - 356. What are the prime factors of p?
199
Let q = 8696 - 5471. List the prime factors of q.
3, 5, 43
Let i = 154 + -147. Suppose c + 2*l - 1178 = 0, -i*c + l = -2*c - 5857. List the prime factors of c.
2, 293
Let c be (14 - 18) + -1811*1. Let j = -1072 - c. What are the prime factors of j?
743
Suppose -2*o + 35 = 29. Suppose 170 = 8*a - o*a. Suppose -29*r = -a*r + 1265. List the prime factors of r.
11, 23
List the prime factors of ((12/(-42))/(4/(-14)) - 2)*-9944.
2, 11, 113
Suppose 10*d - 251 = -31. Suppose -d*s + 2496 = -6*s. List the prime factors of s.
2, 3, 13
Let s be 142 + -51 + 6/4*-2. Suppose -s = -3*z + 134. List the prime factors of 1/((-3)/(-12)) + 2*z.
2, 19
Suppose 3*s + 222 = -d + 80, 0 = 3*d - 5*s + 468. Let w be (-1 + 90/5)*14. Let y = d + w. What are the prime factors of y?
3, 29
Suppose 19*r - 21*r + 8 = 0. Suppose -32 = -r*u - 4*u. What are the prime factors of (-1)/((-6)/u) + (-554)/(-6)?
3, 31
Suppose 2*y + 28 - 604 = 0. Let b = y - -97. What are the prime factors of b?
5, 7, 11
Let v = 7709 + 13595. List the prime factors of v.
2, 2663
Let b = 269 - -6769. List the prime factors of b.
2, 3, 17, 23
Suppose 2 + 8 = 2*x. Let j be 1/x - 571317/(-15). What are the prime factors of (j/32)/9 - (-2)/(-8)?
2, 3, 11
Let u(k) = -637*k - 51. Let h be u(18). List the prime factors of ((-28)/21)/(22/h).
2, 349
Let h = 27997 - 19943. List the prime factors of h/34 + (-105)/119 + 1.
3, 79
Let z(b) = -3436*b - 326. What are the prime factors of z(-12)?
2, 113, 181
Suppose -5*v - 480 - 12357 = -16*v. What are the prime factors of v?
3, 389
Let q(f) = -f**2 - 8*f - 8. Suppose 25 = -5*v, 2*p + 6 - 1 = -v. Let b be (-361)/57 - (p - (-1)/(-3)). What are the prime factors of q(b)?
2
Suppose -s + 17370 = -4*y, 2*s = y + 28754 + 5993. What are the prime factors of s?
2, 7, 17, 73
Let w(a) = a**3 - 22*a**2 + 16*a + 36. Let n be w(24). Let h = -928 + n. What are the prime factors of h?
2, 7, 23
Suppose 3*p = -4*r - 4849 + 18692, -5*r - 13834 = -3*p. What are the prime factors of p?
7, 659
Let z(s) = -114*s**3 + s**2 + 2*s + 7. What are the prime factors of z(-2)?
919
Let t = -6519 + 10095. What are the prime factors of t?
2, 3, 149
Suppose 5*b + 184 = -3*f, -3*f - 247 = -2*b - 98. Let h = -18 - f. Let z = 175 - h. What are the prime factors of z?
2, 5, 7
Let o = 32156 + -14912. What are the prime factors of o?
2, 3, 479
What are the prime factors of (-12 + 5)/7*(-32673)/3?
10891
Let g(o) = 74*o**2 - 83*o - 595. What are the prime factors of g(-25)?
2, 3, 5, 37, 43
Suppose -328 = -7*m - 83. Suppose 3*f = 25 + m. What are the prime factors of f?
2, 5
Let f = -6204 - -8465. What are the prime factors of f?
7, 17, 19
Suppose 22*m - 25*m + 3540 = -3*c, 0 = 3*m + 2*c - 3535. List the prime factors of m.
3, 131
Let k be 93*(-2 + 40/12). Suppose -11*h + 10068 = k. What are the prime factors of h?
2, 113
Let t be 63/(-105) - (-83)/5. Suppose 0 = 4*m - t, 4*m = -78*y + 77*y + 1766. What are the prime factors of y?
2, 5, 7
Let i = 56226 - 7927. What are the prime factors of i?
48299
Let q = -6006 + 10109. What are the prime factors of q?
11, 373
List the prime factors of -30 + 178/6 + ((-128044)/3)/(-4).
2, 5, 11, 97
Suppose -5*k + 2*a + 386 = 0, -5*k - 2*a = 2*a - 398. Let f = 262 - k. What are the prime factors of f?
2, 23
Let w(g) be the first derivative of -10 + 7*g + 163/2*g**2. List the prime factors of w(1).
2, 5, 17
Suppose 6*d + 2*d + 2*d = 0. Suppose 16*m - 20*m - 3*z + 1636 = d, 4*m + 2*z - 1640 = 0. List the prime factors of m.
2, 103
Suppose -211*r + 6841422 = -49*r. What are the prime factors of r?
3, 7, 2011
Let k(y) = y**3 - 7*y + 2. Let q be 38/5 - ((-119)/35 - -3). List the prime factors of k(q).
2, 229
Let f = 75979 - 39222. What are the prime factors of f?
7, 59, 89
Suppose -6*t - 18 = -15*t. Suppose 2*s - 332 = -n, 4*n + t*s - 1383 = 5*s. What are the prime factors of n?
2, 3, 19
Let q = -9377 + 17675. List the prime factors of q.
2, 3, 461
Let v = 18053 - 6923. What are the prime factors of v?
2, 3, 5, 7, 53
Suppose -l - 3*y = -317, -632 = -5*l + 3*l - 4*y. Let j = l + -48. List the prime factors of j.
2, 7, 19
Suppose 7*f - 11*f = -g + 3678, -4*g - 5*f = -14670. List the prime factors of g/12 - 8/(-48).
2, 3, 17
Let m(s) = s**2 + 2*s + 4. Let p be m(-1). Suppose -5*i = -j - 2571, p*i - 5*i - 2*j + 1038 = 0. List the prime factors of i.
5, 103
Suppose 8*t + 221 + 531 = 0. Let l = 267 + t. List the prime factors of l.
173
Let n(i) = -i**2 + 32*i + 36. Let l be ((-222)/(-7))/1 + (-2)/(-7). What are the prime factors of n(l)?
2, 3
Suppose -32*s = -33*s + 24. What are the prime factors of (s/14)/((-6)/(-3360))?
2, 3, 5
Let w = 690 - 316. Suppose -4*d + w = -d + 4*r, 4*d - 452 = 4*r. Suppose n = 58 + d. List the prime factors of n.
2, 11
Suppose f + 4*d = 3*f + 4, -6 = -3*f + 2*d. Suppose -f*l + 2 - 18 = 0. List the prime factors of l/(-16) + (1 - (-43)/4).
2, 3
Suppose 6*d - 194392 = -2*d + 41760. List the prime factors of d.
7, 4217
Let g(a) = 38*a + 12. Let l be g(-14). Let b = l - -1160. List the prime factors of b.
2, 5
Let o = -12472 + 18125. What are the prime factors of o?
5653
Let b = -13 - -233. Let u(f) = 9*f - 224. Let v be u(11). Let y = v + b. What are the prime factors of y?
5, 19
Let a(n) = 6*n**2 - 239*n + 27. What are the prime factors of a(46)?
7, 13, 19
Let t(k) = -2*k**3 + k**2 - 2*k - 1. Let l be t(-1). Suppose l*r = -z + 268, 2*z + 2*z + 2*r = 1030. What are the prime factors of z?
2
Suppose 1264289 + 743825 + 515986 = 50*y. What are the prime factors of y?
2, 43, 587
What are the prime factors of (-42)/6*18*3387/(-21)?
2, 3, 1129
Suppose 5*b + 5 = 0, 0*v + 4*v = b + 69. Suppose -10*a = v*a - 43146. What are the prime factors of a?
2, 17, 47
Let p be (34/51)/((-2)/(-21)). Let f = -4 + p. Suppose -f*z = -15 - 21. What are the prime factors of z?
2, 3
Suppose -11*f = -17*f. Suppose f = -6*j + 974 - 56. Suppose 5*h + j = 488. What are the prime factors of h?
67
Suppose 1596 - 162 = -f + z, f = -2*z - 1419. Let q = 2477 + f. List the prime factors of q.
2, 131
Suppose 23647 = -780*h + 783*h + 5*r, -15767 = -2*h - r. What are the prime factors of h?
2, 3, 73
Suppose -3*u = -2*v - 21, 3*u - v + 0*v - 24 = 0. Let t = u + -8. What are the prime factors of (-214)/(-2) + (3 - 2 - t)?
107
Let t(l) = 757*l**2 + 3881*l - 6. What are the prime factors of t(-8)?
2, 3, 13, 223
Let z = 8812 - 4380. What are the prime factors of z?
2, 277
Let a = 8993 + 2713. List the prime factors of a.
2, 3, 1951
Suppose 0 = -2*z + 1415 - 213. List the prime factors of z.
601
Let y(j) = 2*j**2 + 85*j + 37. Let u be y(-42). List the prime factors of (1408/10)/((-1)/u).
2, 11
Let c be 3/(-15) + -78*(-1)/(-10). What are the prime factors of 106*-12*c/64?
3, 53
Suppose 0 = 2*k - k - w - 8, -27 = -3*k + 4*w. Let b(z) = -k*z + 3*z + 3 + 199*z**2 + 5*z - 88*z**2. List the prime factors of b(-1).
3, 37
Suppose 0 = 34*b - 44*b + 96960. Suppose b = 12*h + 12*h. What are the prime factors of h?
2, 101
Let i(c) = 27*c**2 + 9*c - 22. List the prime factors of i(26).
2, 577
Let j(x) = 9*x**3 - 2*x**2 + 53*x + 135. What are